actors of n?
31
Let i(g) = -g**2 + 9*g - 12. Let l(w) = 2*w**2 - 18*w + 24. Let v(f) = -9*i(f) - 4*l(f). What are the prime factors of v(10)?
2, 11
Let h = -61 + 158. Suppose -87 = -8*q + h. What are the prime factors of q?
23
Let l(c) = -14*c - 7. Let w be (-12)/(-10)*10/(-4). What are the prime factors of l(w)?
5, 7
Let l = -677 + 2493. List the prime factors of l.
2, 227
Suppose 6092 = 2*r - 1362. List the prime factors of r.
3727
Let p(h) = -h + 12. Let g be p(10). Let w(f) = 26*f**2 - f - 2. Let c be w(g). Suppose -2*b + 3*y - 63 = -5*b, 5*b + 4*y = c. What are the prime factors of b?
2
Suppose 12265 = 5*v + 5*y, -8*y = 2*v - 3*y - 4915. What are the prime factors of v?
2, 5, 7
Let n = 12 + -14. Let a be ((-4)/6)/(n/9). Suppose -2*x - a = d - 15, 3*d - 2*x - 52 = 0. List the prime factors of d.
2
Let o be (-2 + 0)/((-2)/3). Suppose -o*y + 185 = 2*v, 3*v + 2*v - y - 420 = 0. List the prime factors of v.
5, 17
Let j(s) = -s**3 + 9*s**2 + 15*s - 53. What are the prime factors of j(6)?
5, 29
Let v = -72 + 77. Suppose -4*x + 182 = v*j, -151 - 27 = -4*x - 3*j. What are the prime factors of x?
43
Let f = 2245 + 872. What are the prime factors of f?
3, 1039
Suppose 0*s + s = -5*v + 1440, 4*v = 4*s + 1176. What are the prime factors of v?
17
Let s(h) = 5*h**3 - 7*h**2 + 7*h + 6. What are the prime factors of s(7)?
1427
Let d(c) be the first derivative of c**3/3 + 7*c**2 - 15*c + 9. What are the prime factors of d(-16)?
17
Suppose 3*o - 22 - 32 = 0. What are the prime factors of (-9)/o*-1*142?
71
Let d = 11417 + -7988. List the prime factors of d.
3, 127
Let l be (8/20*-2)/((-2)/5). Suppose 81 = 5*u + j, 72 = 3*u - 3*j + 9. Suppose -y = 2*g - 34, -5*g - l = -u. List the prime factors of y.
2, 7
Let w = -64 - -1602. What are the prime factors of w?
2, 769
Suppose -499 = 5*x - 4*x. Let b = -335 - x. List the prime factors of b.
2, 41
Suppose 0 - 12 = 4*m. Let s be m/(-3 - -6)*91. What are the prime factors of (-651)/s + (-2)/13?
7
Suppose o + 4*o = -5, -13 = 4*u + 5*o. Suppose 0 = 3*r - 4*p + 146, -5*r - p + 4*p = 247. What are the prime factors of (140/r)/(u/5)?
7
Let d(h) = -h + 4. Let n be d(4). Let m = 4 - -4. What are the prime factors of (n - -3) + m + -2?
3
Suppose -3*u - 3*x + 12624 = 0, 5*x = -2*u + 2*x + 8417. What are the prime factors of u?
7, 601
Let k(u) = 9*u - 3. Let p(b) = -b + 1. Let m(a) = k(a) + 4*p(a). Let c(w) = -w**2 + 14*w + 3. Let v(t) = -6*c(t) + 17*m(t). What are the prime factors of v(2)?
5
List the prime factors of (384/160)/((-1)/(-145)).
2, 3, 29
Let j = 2248 - -1370. List the prime factors of j.
2, 3, 67
Let m(y) = -y**3 + 28*y**2 - 22*y + 2. List the prime factors of m(27).
137
Let b(t) = -t**3 - 2*t**2 - t - 3. Let i be b(-3). Let n = i + -2. Let o = n - -8. List the prime factors of o.
3, 5
List the prime factors of 550/10 - (-2 - -3).
2, 3
Let t(m) = m**2 - 9*m + 30. What are the prime factors of t(-11)?
2, 5
What are the prime factors of (17/(-34))/(3*(-2)/24372)?
3, 677
Suppose -4*t = 2*f - 0*t - 1598, -t + 1607 = 2*f. What are the prime factors of f?
5, 7, 23
Let t = -22 - -18. List the prime factors of (-2)/(-5 - -3) - t.
5
Suppose f - 135 = -5*q + 6*q, 4*q + 126 = f. List the prime factors of f.
2, 3, 23
Suppose -12*u = -14*u - 64. Suppose -4*n - 318 = -3*k - 9*n, -5*k - n + 508 = 0. Let j = k + u. What are the prime factors of j?
3, 23
Let k(w) = 19*w + 2. Let c be k(2). Let j = 45 - c. Suppose u + 121 = 3*u - j*d, 4*d + 116 = 2*u. What are the prime factors of u?
2, 3
Suppose -2693 = -9*y + 619. List the prime factors of y.
2, 23
Let c be (-67)/(-13) + 2/(-13). Suppose -i + 4*k = -50, -2*i + c*k = -37 - 60. Let u = i + -33. List the prime factors of u.
13
Let j(q) = -q**3 + 4*q**2 - 1. Let x(p) = 3*p - 13. Let g be x(5). What are the prime factors of j(g)?
7
Suppose -3*v + 8 = 5*g - 3*g, -4*v = 2*g - 10. Suppose 5*h + v*h = 119. List the prime factors of h.
17
Let n = -134 + 188. Suppose -116 - n = -5*b. List the prime factors of b.
2, 17
Let d(r) = -r**2 + 11*r + 673. List the prime factors of d(0).
673
Let f(y) = -y**2 - 13*y - 22. Let g be f(-11). Suppose -b - 2*b = g. Suppose -4*s + 0*s + h + 38 = b, 6 = 3*h. What are the prime factors of s?
2, 5
Suppose 24 = -3*t - t. Let a = t - -3. Let z(b) = -2*b**3 - 3*b**2 + b - 4. What are the prime factors of z(a)?
2, 5
Let a be (-13)/(4/28*-1). Suppose 3*o + p = -p + a, 3*o = 4*p + 115. What are the prime factors of o?
3, 11
Suppose -n - 15 = -5*u, u + 25 = 6*n - 3*n. Suppose m = -3*q + 40, -m + 6*m = -q - n. Suppose -4*b + q = -105. What are the prime factors of b?
2, 3, 5
Let y(l) = -l**3 - 4*l**2 + 2*l - 5. Let f be y(-7). Let n be (2/(-4))/((-4)/f). What are the prime factors of 19 - (-4)/(n/(-12))?
2
Suppose 64 = -0*m + 16*m. Suppose 391 + 244 = 3*r - 4*w, 0 = -4*r + m*w + 852. List the prime factors of r.
7, 31
Let d(b) be the third derivative of 3*b**6/40 + b**5/60 - b**4/6 - b**3/2 - b**2. Let g be d(-2). Let u = g + 115. List the prime factors of u.
2, 13
Let x(n) = 4*n**3 - 3*n**2 - 2*n + 1. Let c = -4 - -1. Let j be x(c). List the prime factors of (-2)/(-6) - j/12.
11
Let u = -54 + 53. List the prime factors of -1 + 105 + (u + 3 - 2).
2, 13
Suppose -26*n + 9*n + 21046 = 0. List the prime factors of n.
2, 619
Let j be (-176)/16*-1*1. Let k(y) = y**2 - 8*y + 2. What are the prime factors of k(j)?
5, 7
List the prime factors of 300*(-70)/126*-30.
2, 5
Let v(c) = 5*c**3 - 3*c**2 + 1. Let l be v(1). Suppose -2*r - r + 2*p = -673, l*p = -3*r + 663. List the prime factors of r.
223
Let z = 27 - 24. Suppose i - 25 = -5*n, 1 = z*n - 2*i - 1. What are the prime factors of n?
2
Suppose -3*z - 4*h = 9, -5*z + h = 13 + 2. Let v be 5*(18/(-15))/z. List the prime factors of (-12)/((-8)/v) + 30.
3, 11
Let w be 5/((-60)/(-32))*3. Suppose w*y + 24 = 5*y. List the prime factors of (-4)/y*0 - -31.
31
Let p be 2 + (7 - 4)*1. Suppose -3*c + 11 = b + 3, 2*c - p = -b. Suppose g - 7 = -q, 1 = q + c. What are the prime factors of g?
3
Suppose 4*r - 14 = 5*v, 5*r - 13 = 2*v + 13. What are the prime factors of r?
2, 3
Suppose 4*c = -2*o + 248, -7 - 55 = -c + 4*o. Let t = c + 12. What are the prime factors of t?
2, 37
Suppose -978 = -13*c + 62. List the prime factors of c.
2, 5
Suppose 5*f + 3 = 63. Let p(w) = 14. Let i(o) = -o. Let x(l) = -4*i(l) - p(l). What are the prime factors of x(f)?
2, 17
Suppose -3*q - 4*b = -80, -7 + 51 = 2*q + 5*b. Suppose 35*t - q*t = 258. What are the prime factors of t?
2, 43
Suppose 1 - 3 = -n. Suppose 4*b - n*b + 80 = 0. List the prime factors of (-904)/b + (-4)/(-10).
23
Let m = -21 - -38. Let h = m - 23. List the prime factors of (-2 + h)/2 - -70.
2, 3, 11
Let b = 6186 + -2596. What are the prime factors of b?
2, 5, 359
Let t = 162 - -110. What are the prime factors of t?
2, 17
Let y be (-6)/((-16)/(-14) - 1). List the prime factors of (-4)/5*315/y.
2, 3
Let i be (2/3)/(11/33). Suppose -2*b = -i*o - 142, -2*o - 384 = -5*b - 17. What are the prime factors of b?
3, 5
Suppose -4*t = -7*t + 21. Suppose 8*n - t = 9. List the prime factors of n.
2
Suppose -52*o = -11*o - 46002. What are the prime factors of o?
2, 3, 11, 17
Suppose -2*v - 4*q + 630 = 0, -538 = -3*v + 5*q + 462. Suppose 0 = -4*d - d + v. What are the prime factors of d?
5, 13
Let t = -64 - -69. Suppose -5*w + 1078 = h, t*w + 2*h - 918 - 163 = 0. What are the prime factors of w?
5, 43
Suppose 6*b - 23764 - 5420 = 0. List the prime factors of b.
2, 19
Suppose -22*y - 2288 = -13002. List the prime factors of y.
487
Let p(h) = 6*h**3 - 11*h - 13 - 12*h**2 - 2 - 7*h**3. Let j be p(-11). Let v = j + 29. List the prime factors of v.
2, 7
Let x = 6 - 11. Let t be 7 + 3*(-3)/(-9). Let k = x + t. What are the prime factors of k?
3
Suppose -a = 4*b - 26, 0 = -2*a - 4*b + 13 + 19. Let v(f) = 2 - f - 3 + a*f + 4 - f**2. What are the prime factors of v(5)?
3
Let m(a) = -8*a**3 + 3*a - 1. List the prime factors of m(-3).
2, 103
Let o = -283 + 455. What are the prime factors of o?
2, 43
Let z(t) = 0 + 6*t - 5*t**2 - 1 + t**3 + 5 - 3*t. Let l be z(4). Suppose 5*o = h - 0*h - 20, l = 3*h - 5*o - 50. What are the prime factors of h?
3, 5
Let b(g) = 118*g**2 - 54*g - 3. List the prime factors of b(-5).
3217
Let c be 92/(-28) - (-10)/35. What are the prime factors of (3*(c + 110))/(2 + 1)?
107
Suppose 